1/4).
36
Let b = 0 - -8. Suppose -2*l + 5 = 1. Suppose 0 = 3*j + l*j - 25. What is the remainder when b is divided by j?
3
What is the remainder when ((-30)/(-25))/((-2)/(-5)) is divided by (3 + 1 - 2)*1?
1
Let p = -50 - -84. What is the remainder when 167 is divided by p?
31
Suppose 0 = -3*p + 4 + 2. Suppose -4*g - 8 = -p*g. What is the remainder when 40 is divided by (14/g)/(1/(-6))?
19
Suppose y = -3*h - 2*h + 10, -9 = -2*y + h. Suppose -z = -y*z + 12. What is the remainder when z is divided by 2?
1
Suppose -91*s + 93*s = 50. Let m = -31 + 45. What is the remainder when s is divided by m?
11
Let d(z) = -z**2 + z + 15. Suppose 2*w - 5 = 15. Let h be (-6)/(-15) + (-4)/w. Calculate the remainder when 29 is divided by d(h).
14
Let m be -2 - 2*(-7)/2. Let o(w) = -w + 11. Let k = 21 - 10. Calculate the remainder when k is divided by o(m).
5
Let m be (-8)/((-1)/(-1 + 7)). Suppose o + 3*o = m. Suppose -3*s - 12 = 0, 2*b - 55 - 45 = 2*s. Calculate the remainder when b is divided by o.
10
Let k = 34 + -1. What is the remainder when 28 is divided by 6/k - (-163)/11?
13
Calculate the remainder when 290/8 + ((-9)/12)/3 is divided by 19.
17
Let p(s) = -3*s - 9. Suppose 4 = 4*z - 4. Suppose 0 = -l + z*l + 6. Calculate the remainder when 33 is divided by p(l).
6
Suppose -j = 4 - 77. Let g = 105 - j. What is the remainder when g is divided by 11?
10
Let i(w) = w**3 + 4*w**2 + 2*w. Let v(x) = x**2 + 5*x + 4. Calculate the remainder when v(-5) is divided by i(-3).
1
Let x be 1/4 - 51/12. Let p be (x - -6) + 1 + 1. Suppose 3*g = 15, 5*j + p*g - 65 = -g. What is the remainder when 15 is divided by j?
7
Let d be 6/(-9) - (-8)/3. Let y = -18 + 21. Suppose 0 = -d*l - 2*p + 74, -2*l + 7 = y*p - 70. Calculate the remainder when l is divided by 18.
16
Suppose -2*v + 8 = 2. Let a(d) = d**3 + 4*d**2 - d - 2. What is the remainder when a(v) is divided by (-5)/((-3)/5 - (-21)/60)?
18
Let y(d) = -d + 10. Let k be y(6). Suppose -k*u = -16, -j + 2*u - 3 = 2. Suppose -8 = -7*w + j*w. Calculate the remainder when 2 is divided by w.
0
Let o(r) = 12*r**3 - 3*r + 2. Suppose 0 = 2*g - 5*g + 12. What is the remainder when o(1) is divided by (g/(2 + -3))/(-1)?
3
Suppose -152 = -4*g - 5*v, 5*g - 46 = 3*g + 5*v. Let n(b) = b**2 - 4*b + 4. What is the remainder when g is divided by n(5)?
6
Let f = 8 - 0. Let p = 110 - 87. Calculate the remainder when p is divided by f.
7
Suppose 2*l - 25 = -3*l. Calculate the remainder when 14 is divided by l.
4
Suppose 59 = 5*n - 3*r, -4*r + 1 = -n + 23. Let v(w) = -2*w**3 - 3*w**2 + 1. Calculate the remainder when v(-3) is divided by n.
8
Let y(u) be the first derivative of u**3/3 + 20*u + 1. What is the remainder when y(0) is divided by 3 + 6/1 + 2?
9
Let t(y) = 2*y - 1. Let r be (68/6)/(16/(-24)). Calculate the remainder when (-3 - (-4 - -2))*r is divided by t(3).
2
What is the remainder when (-135)/(-5) - (1 + -5) is divided by 7?
3
Suppose -50 = -2*v - 3*v. Suppose -i - m + 15 = -25, 0 = -2*i + 3*m + 70. What is the remainder when i is divided by v?
8
Let u = 652 + -605. Let v(r) = r**3 - 5*r**2 - 5*r - 2. Let a be v(6). Suppose p - 20 = 4*g, g - 50 = -5*p - a*g. What is the remainder when u is divided by p?
11
Let k(i) = -5*i + 41. Calculate the remainder when k(-8) is divided by 26.
3
Calculate the remainder when (0 - 10)*(-13 - -8) is divided by 13.
11
Let h = -146 + 159. What is the remainder when 63 is divided by h?
11
Let p = -14 + 44. What is the remainder when 59 is divided by p?
29
Calculate the remainder when 72 is divided by 2/(-2)*(1 - 26).
22
Let r(t) = t**2 - 7*t + 3. Calculate the remainder when 11 is divided by r(7).
2
Calculate the remainder when 31 is divided by -3*1 + (-56)/(-4).
9
Let y = 3 - 4. Let m(d) = -2 - 58*d - 2 + 5. Calculate the remainder when m(y) is divided by 15.
14
Let x be 12/(-9)*3/(-2). Suppose 2*d - 222 = -4*g, 4*g + 3*d - 237 = -x*d. Calculate the remainder when g is divided by 14.
11
Suppose -2*c = c - 108. Suppose 4*r + 3 = 159. Let i = r + -20. Calculate the remainder when c is divided by i.
17
Let s(p) = 2*p**2 + 3*p + 6. Let j = 17 + -22. Let a(h) = h**2 + 3*h + 4. What is the remainder when s(j) is divided by a(-5)?
13
Suppose 4*g - 10 = l + l, 3*g + 42 = -3*l. Let c = -6 - l. Calculate the remainder when (-3)/9 + (-100)/(-12) is divided by c.
3
Let f(m) = -m**3 - 3*m**2 - m - 3. Suppose -10*j + 497 = -163. What is the remainder when j is divided by f(-4)?
15
Suppose 8*u = 6*u + 10. What is the remainder when (24/(-10))/(3/(-10)) is divided by u?
3
Let v(k) = -k + 19. Let u = 1 + 9. What is the remainder when v(-9) is divided by u?
8
Suppose 5*r - 36 = -6. Suppose 4*j = -0*j. Calculate the remainder when (-1 + j)/(2/(-22)) is divided by r.
5
Let i(h) = -h**2 - h. Let z be i(0). Let s = 9 - 3. Calculate the remainder when (-2)/(z - s/51) is divided by 9.
8
Suppose 0 = -5*t + t + 12. Suppose -t*m + 0*m = -48. Calculate the remainder when 46 is divided by m.
14
Calculate the remainder when (-86)/(1*(-6)/3) is divided by ((-16)/(-4) - -1)*3.
13
Suppose -4*d + 8*d + 3*a = 14, -2*d = 3*a - 4. Suppose d*r - 76 = 64. What is the remainder when r is divided by 15?
13
Let m be (-2 - -40)/((-4)/6). Let d = m - -82. Suppose -4*k - d + 1 = -4*l, 0 = 5*l + 2*k - 44. Calculate the remainder when l is divided by 3.
2
Let l(u) = 2*u**2 - 4*u + 5. What is the remainder when 102 is divided by l(5)?
32
Let u(s) = -s - 3. Let l be u(-4). Suppose 0 = -2*y + y + l. Let j(g) = 29*g**2 - 2*g + 1. Calculate the remainder when j(y) is divided by 10.
8
What is the remainder when (-6 - 93)*(-3)/((-6)/(-2)) is divided by 34?
31
Suppose 0 = -o - 2*o + 90. What is the remainder when 88 is divided by o?
28
Let p(n) = 3*n - 7. Suppose -l - 85 = 4*b - 2*l, -4*l = -2*b - 60. Let g = b - -49. Calculate the remainder when g is divided by p(5).
5
Suppose -3*m - 5 = -2*k + 1, 15 = 5*k + m. Suppose f - 2*f + 1 = 0. What is the remainder when k is divided by f?
0
Let d(h) = -h**2 + 4*h + 5. Let b be d(5). Let z = b - 4. Let n = 6 + z. Calculate the remainder when n is divided by 1.
0
Let q(o) = -o + 5. Let m be q(-11). Suppose 0 = l - h - 8, -5*l + m = 2*h + 4. Calculate the remainder when 15 is divided by l.
3
Suppose -8*z = -2*z - 108. Calculate the remainder when 38 is divided by z.
2
Let l = -71 - -120. Let d(i) = i**2 - 4*i + 5. What is the remainder when l is divided by d(6)?
15
Suppose 2*c = -4*s - 0*c + 42, -s + 2*c = -18. Calculate the remainder when 23 is divided by s.
11
Suppose -184 = -5*h + 361. Let b = h + -47. What is the remainder when b is divided by 16?
14
Let v(i) = -2*i - 1. Calculate the remainder when v(-8) is divided by 3.
0
Let b(x) be the second derivative of -7*x**3/3 - x**2 - x. Let d be b(3). Calculate the remainder when 0 + (-5)/(10/d) is divided by 12.
10
Let y = -6 - -25. What is the remainder when y is divided by 12?
7
Suppose -2*r - 2*s = 8, 3*r - 4*s - 16 = -0*r. Suppose 1 = w - r. Suppose -5*o - 16 = -13*o. Calculate the remainder when o is divided by w.
0
Suppose s + 3*b = 9, s + 2*b - 41 = 7*b. Calculate the remainder when 74 is divided by s.
11
Let p = -24 + 57. What is the remainder when 131 is divided by p?
32
Suppose -4*v = -3*l, -2*v - 14 = -0*v - 5*l. What is the remainder when (-2*2/1)/(-1) is divided by v?
1
Let v = 3 - 3. Suppose 14 = -v*m + 2*m. Calculate the remainder when 18 is divided by m.
4
Let a(l) = -l - 11. Let i be a(-6). Let w be (i - 1)*72/(-16). Suppose -20 = -4*j, 2*v - w = -0*j - 3*j. What is the remainder when 16 is divided by v?
4
Suppose -13*u + 8*u = -20. Calculate the remainder when 11 is divided by u.
3
Let o = 74 - 19. Calculate the remainder when o is divided by (152/20)/(2/5).
17
Let h(n) = -n + 44. Let i(g) = -g**2 - 7*g - 6. Let p be i(-6). Calculate the remainder when h(p) is divided by 15.
14
Calculate the remainder when (1/(-4))/(5/(-1420)) is divided by 18.
17
Let f be (12/7)/((-2)/(-14)). Calculate the remainder when 28 is divided by (-20)/f*(-5 - 1).
8
Let n be (21/(-14))/(2/(-12)). Let u(p) = p**2 - 9*p + 11. What is the remainder when 20 is divided by u(n)?
9
Let z = 11 + -2. What is the remainder when z is divided by 6?
3
Let r be ((-4)/(-3))/(2/33). Suppose -4*g + p + 10 + r = 0, -4*g = -4*p - 20. Calculate the remainder when g is divided by 5.
4
Suppose -1